 the units digit of 6927638?
8
What is the thousands digit of 1217686?
7
What is the hundreds digit of 888350?
3
What is the hundred thousands digit of 115948?
1
What is the millions digit of 1225781?
1
What is the tens digit of 4570279?
7
What is the ten thousands digit of 2236004?
3
What is the hundred thousands digit of 545391?
5
What is the hundred thousands digit of 403432?
4
What is the thousands digit of 1841646?
1
What is the ten thousands digit of 1450678?
5
What is the ten thousands digit of 31490?
3
What is the thousands digit of 7695849?
5
What is the thousands digit of 1666776?
6
What is the units digit of 1310320?
0
What is the ten thousands digit of 87617?
8
What is the ten thousands digit of 482608?
8
What is the tens digit of 3419350?
5
What is the units digit of 5372724?
4
What is the ten millions digit of 35679323?
3
What is the ten thousands digit of 9575230?
7
What is the hundred thousands digit of 8867625?
8
What is the hundreds digit of 545487?
4
What is the ten thousands digit of 54279?
5
What is the hundred thousands digit of 1328302?
3
What is the hundred thousands digit of 120177?
1
What is the thousands digit of 2138629?
8
What is the tens digit of 2211022?
2
What is the millions digit of 3073519?
3
What is the hundreds digit of 4212948?
9
What is the tens digit of 1177535?
3
What is the tens digit of 761663?
6
What is the units digit of 4160000?
0
What is the units digit of 103768?
8
What is the ten thousands digit of 2743070?
4
What is the thousands digit of 1783059?
3
What is the units digit of 284765?
5
What is the ten thousands digit of 964829?
6
What is the units digit of 983534?
4
What is the millions digit of 9008558?
9
What is the hundred thousands digit of 5967547?
9
What is the hundreds digit of 916740?
7
What is the tens digit of 3574129?
2
What is the ten thousands digit of 573171?
7
What is the units digit of 5353675?
5
What is the units digit of 1945751?
1
What is the thousands digit of 2242343?
2
What is the tens digit of 1006541?
4
What is the hundred thousands digit of 256318?
2
What is the units digit of 821750?
0
What is the thousands digit of 293625?
3
What is the tens digit of 197330?
3
What is the hundreds digit of 1232084?
0
What is the tens digit of 11550829?
2
What is the units digit of 3282370?
0
What is the ten thousands digit of 366285?
6
What is the units digit of 9169892?
2
What is the tens digit of 706799?
9
What is the millions digit of 2952227?
2
What is the tens digit of 3629750?
5
What is the hundred thousands digit of 174885?
1
What is the thousands digit of 282543?
2
What is the units digit of 2646957?
7
What is the hundred thousands digit of 1135418?
1
What is the hundred thousands digit of 2726180?
7
What is the millions digit of 4909145?
4
What is the thousands digit of 61296?
1
What is the hundreds digit of 235610?
6
What is the ten thousands digit of 685731?
8
What is the units digit of 6688589?
9
What is the thousands digit of 11180943?
0
What is the thousands digit of 2229753?
9
What is the units digit of 212936?
6
What is the thousands digit of 330528?
0
What is the tens digit of 1451818?
1
What is the units digit of 192549?
9
What is the hundreds digit of 9861052?
0
What is the thousands digit of 405071?
5
What is the hundreds digit of 122434?
4
What is the ten thousands digit of 222747?
2
What is the thousands digit of 738083?
8
What is the hundred thousands digit of 2580829?
5
What is the ten thousands digit of 112215?
1
What is the hundreds digit of 3630574?
5
What is the units digit of 2756155?
5
What is the units digit of 22717154?
4
What is the hundred thousands digit of 204968?
2
What is the tens digit of 3946509?
0
What is the hundred thousands digit of 6463784?
4
What is the ten thousands digit of 112736?
1
What is the tens digit of 14353818?
1
What is the millions digit of 4705221?
4
What is the hundreds digit of 41416?
4
What is the tens digit of 34281508?
0
What is the ten thousands digit of 35160?
3
What is the millions digit of 3770633?
3
What is the ten thousands digit of 2363037?
6
What is the hundreds digit of 3691280?
2
What is the ten thousands digit of 3074531?
7
What is the hundred thousands digit of 7483144?
4
What is the tens digit of 873938?
3
What is the hundreds digit of 20827615?
6
What is the millions digit of 4095992?
4
What is the hundreds digit of 2078742?
7
What is the units digit of 3222546?
6
What is the thousands digit of 423715?
3
What is the tens digit of 900436?
3
What is the millions digit of 1541782?
1
What is the units digit of 152948?
8
What is the millions digit of 2543791?
2
What is the tens digit of 307987?
8
What is the units digit of 5497328?
8
What is the hundred thousands digit of 5901916?
9
What is the ten millions digit of 10505636?
1
What is the tens digit of 254712?
1
What is the thousands digit of 52307?
2
What is the hundred thousands digit of 281391?
2
What is the tens digit of 1072687?
8
What is the ten thousands digit of 1079352?
7
What is the hundreds digit of 7206402?
4
What is the ten thousands digit of 83254?
8
What is the hundreds digit of 540472?
4
What is the hundreds digit of 2431782?
7
What is the ten thousands digit of 2388470?
8
What is the hundreds digit of 4186692?
6
What is the hundred thousands digit of 25303208?
3
What is the thousands digit of 204007?
4
What is the tens digit of 475398?
9
What is the ten millions digit of 16921280?
1
What is the units digit of 657895?
5
What is the tens digit of 219527?
2
What is the ten thousands digit of 2016130?
1
What is the millions digit of 1446474?
1
What is the ten thousands digit of 52810?
5
What is the units digit of 234820?
0
What is the ten thousands digit of 41302?
4
What is the units digit of 700128?
8
What is the hundred thousands digit of 2179899?
1
What is the hundreds digit of 25930803?
8
What is the tens digit of 13556105?
0
What is the units digit of 527560?
0
What is the tens digit of 4667448?
4
What is the hundred thousands digit of 1150007?
1
What is the hundred thousands digit of 1669859?
6
What is the units digit of 8941352?
2
What is the tens digit of 3459816?
1
What is the hundreds digit of 335203?
2
What is the units digit of 3236?
6
What is the tens digit of 729408?
0
What is the hundreds digit of 586875?
8
What is the hundreds digit of 16345?
3
What is the thousands digit of 47692?
7
What is the hundred thousands digit of 3483450?
4
What is the hundreds digit of 15426205?
2
What is the ten thousands digit of 1188087?
8
What is the hundreds digit of 97303?
3
What is the hundreds digit of 159053?
0
What is the hundred thousands digit of 5583019?
5
What is the thousands digit of 1799429?
9
What is the tens digit of 3106280?
8
What is the units digit of 866375?
5
What is the hundreds digit of 4095268?
2
What is the tens digit of 71379?
7
What is the hundreds digit of 460755?
7
What is the ten thousands digit of 220763?
2
What is the hundreds digit of 2054324?
3
What is the hundreds digit of 2148347?
3
What is the thousands digit of 425633?
5
What is the ten thousands digit of 5138191?
3
What is the thousands digit of 10261339?
1
What is the units digit of 4810439?
9
What is the ten thousands digit of 298905?
9
What is the hundreds digit of 178921?
9
What is the hundred thousands digit of 3713581?
7
What is the units digit of 9409592?
2
What is the ten thousands digit of 116045?
1
What is the tens digit of 6032777?
7
What is the hundreds digit of 192816?
8
What is the hundred thousands digit of 234037?
2
What is the ten thousands digit of 906775?
0
What is the units digit of 10344245?
5
What is the thousands digit of 17722558?
2
What is the tens digit of 908139?
3
What is the ten thousands digit of 1676854?
7
What is the hundreds digit of 664015?
0
What is the ten thousands digit of 4965894?
6
What is the hundreds digit of 12215904?
9
What is the ten thousands digit of 351232?
5
What is the hundred thousands digit of 4375318?
3
What is the thousands digit of 9311430?
1
What is the tens digit of 99896?
9
What is the millions digit of 14056187?
4
What is the tens digit of 171583?
8
What is the tens digit of 168522?
2
What is the thousands digit of 8446?
8
What is the millions digit of 5469401?
5
What is the hundreds digit of 35365732?
